*s + 14394 = -9*s. Is q a composite number?
True
Let m = 2 + 7. Suppose m*f - 29043 = 19998. Is f a prime number?
True
Suppose -9*o + 235 = 217. Suppose o*b = -2*r - 0*b + 15740, 0 = 3*r + 5*b - 23616. Is r a prime number?
True
Suppose 30 + 24 = -6*m. Is (1/4)/(568216/(-63136) - m) prime?
True
Is -3 + -9 + 70032 + -29 composite?
False
Let w be (-15552)/(-5) + (-2)/(40/(-12)). Suppose 2*f + 725 = w. Is f a composite number?
False
Let a(c) = -2586*c + 2383. Is a(-35) a prime number?
True
Suppose -5*a - 3*r = -r - 35, 0 = 3*r. Suppose 0 = 2*w + a*w - 16614. Let t = w + -929. Is t prime?
False
Let u(m) = 13040*m + 2379. Is u(43) a composite number?
False
Suppose 0 = -8*q - c + 5398509, -2*c - 2024429 = 2*q - 5*q. Is q prime?
True
Suppose 26*h - 10458014 = -1156618. Let v = h + -253537. Is v prime?
False
Let t(v) = -3 - 1 - 14 + 1 + 35*v**2 + 6*v. Is t(-6) prime?
False
Suppose -26 = -3*p - 0*p - 5*s, -5*p = -s - 6. Suppose -p*t = -f - 4405, 0*t + 3*t - 5*f = 6604. Is t prime?
True
Let d = 30522 + -14513. Suppose 8*i - 15*i = -d. Is i a composite number?
False
Let l be 4/(-14) + (-91624)/(-28). Suppose -2*d = 4*t - 4918, -3*t = 4*d - 6554 - l. Is d a prime number?
False
Suppose 7*o = 8*o - 3. Suppose 1450 - 181 = o*d. Suppose w - d = 226. Is w a prime number?
False
Suppose 0*z - 2*z + 4*c + 3678 = 0, 1827 = z - 5*c. Is z a prime number?
True
Let o(f) = -6*f**3 - 20*f**2 + 26*f + 27. Let j be o(-10). Let m = j - 2386. Is m a composite number?
False
Suppose 62*q - 42*q + 26*q - 510002 = 0. Is q a prime number?
True
Suppose 0 = 2*n - c, 5*n - 6 = 2*c - c. Is (-41)/n*(-121 - -7)/3 prime?
False
Suppose 14*p = 5*p - 135. Let u be p/30*5340/(-2). Let l = u - 76. Is l prime?
True
Suppose -17*s + 2406343 = -2697516. Is s a prime number?
False
Let k = -77 - -79. Suppose 6 = 12*i - 9*i, -k*p + 388 = 3*i. Is p prime?
True
Let c(o) = o**3 + 18*o**2 - 19*o + 2. Let w(v) = -v**3 - 17*v**2 + 19*v - 1. Let a(l) = 6*c(l) + 5*w(l). Let g be a(-19). Let u = -553 + g. Is u a prime number?
True
Suppose 2286453 = -60*t + 2676387 + 7457046. Is t composite?
False
Let b be ((-1)/(4/8))/(-1). Let u be ((-2)/b)/((-13)/364). Suppose -d = -u - 21. Is d composite?
True
Let v = 188 + -186. Is -223*(-1 - v)/(-1 - -4) composite?
False
Suppose 5 = 5*y - 5*a, 2*y + 0*y + 5*a = 9. Suppose -d = 5*k + 40, -4*k = -y*d + 34 - 2. Is (-4)/24*k - 1229/(-3) prime?
False
Let n(b) = -19*b**2 + 7*b + 15 - 58 + 63*b**2 + 9*b. Is n(-9) a prime number?
False
Let b(y) = -7*y**3 - 9*y**2 - 14*y - 7. Let k be b(-6). Suppose s + 3*x - k = -0*s, 1263 = s + 2*x. Suppose 3253 = -4*q - o + 8269, -o - s = -q. Is q composite?
True
Let l(z) = -2*z**3 - 7*z**2 + 3*z. Let d be l(-4). Suppose 2285 = 3*p - 2*g - 2229, d*p = -4*g + 6032. Is (-2)/(-6)*p*(-1)/(-2) composite?
False
Is (-272)/(-68)*((-3679)/(-2) - (-3 - -4)) prime?
False
Let g be -1*(-4 + (14 - -1)). Let k(c) = c + 13. Let d be k(g). Suppose d*a + 0*u - 510 = u, 2*a - 518 = 3*u. Is a prime?
False
Is (143 + -142)/(2/1954598) a composite number?
False
Suppose 526 = -2*r - 514. Let n be 36/(-10)*r/3. Suppose 2*b = c + 315, -6*c + 2*c = 4*b - n. Is b a prime number?
True
Suppose 2*t + 14 - 16 = -h, -4*t + h = -10. Suppose -t*w - 45076 = -5*z, 0 = -z + 2*z + w - 9011. Is z a composite number?
True
Suppose 2*d = -0*p + 5*p - 34, -4*p + 65 = -3*d. Let w be ((-2)/(6/(-3)))/(9/d). Is 4 + -2 + w + 1260 composite?
False
Suppose k - f + 1426 = -4*f, 5*f + 1436 = -k. Let h = -1002 - k. Suppose -9*d - h = -10*d. Is d composite?
False
Let b(y) = 13*y**2 - 3*y - 1. Suppose 3*m + 4*m - 21 = 0. Suppose -m*c = u + 8, -u = -4*c - 3 + 4. Is b(c) prime?
False
Suppose -h + 13 = 4*n + 4, 0 = 3*h + 9. Suppose 37556 = 3*r - k, n*r + 5*k + 37576 = 6*r. Is r composite?
False
Suppose 43*g = 42*g + 17670. Suppose -5*l + 13355 = -g. Suppose -4*v + 4*d + 3702 + 8666 = 0, l = 2*v + 5*d. Is v prime?
False
Suppose -2 = c, 4*o + 5*c = -19 + 1. Let u = -6 - o. Let l(r) = -2*r**3 + 6*r**2 + 3*r + 7. Is l(u) a composite number?
True
Let t = 6246 + -865. Is t prime?
True
Let x = 315465 - 121742. Is x prime?
True
Let x(a) = -5*a**3 + 5446*a**2 + a**3 - 5448*a**2 + 2*a**3 + 3 - 16*a. Let p be (3 + -1 - 1) + -9. Is x(p) a prime number?
False
Let u = -273 - -289. Let w(l) = 44*l**2 - 7*l + 183. Is w(u) prime?
False
Suppose -o + 9 = 0, 85*w - 82*w - 5*o = 325848. Is w a prime number?
True
Let a be -1142*2*(-4)/(-16). Let v = 861 + a. Is v - -14 - (-2 + 1) a prime number?
False
Let j(x) = -1704*x - 33. Let g(b) = 5113*b + 102. Let v(w) = -2*g(w) - 7*j(w). Is v(4) a composite number?
True
Suppose -199253 = -k + 2*n, -5*k + 9*k - 797003 = 5*n. Is k composite?
False
Let i(q) = 9*q**2 - 16*q + 68. Let b be (-3)/(-2 - 4/((-20)/11)). Is i(b) a prime number?
True
Is (-12 - 6) + 8 - -18423 prime?
True
Suppose -25 = -9*s + 2. Suppose -6*n + 4*m = -10*n + 8820, s*n = 4*m + 6601. Is n prime?
True
Let c = -52 + 54. Suppose c + 6 = 2*d. Suppose -4*f + 2*w = -3217 - 9603, -3*f = -d*w - 9615. Is f prime?
False
Suppose 4*n + m = 133, -5*m + 0*m + 5 = 0. Let q = n + -30. Suppose -194 = -5*g + q*g. Is g composite?
False
Let b = -312067 + 551460. Suppose 9*a = -2*a + b. Is a a composite number?
True
Suppose -5*s = -3*s - 10, -s = -2*k + 7. Let d(a) = 5*a**3 - 8*a**2 + 15*a - 5. Let v be d(k). Is v - (-1 - 2/(-2))/1 prime?
True
Suppose 4*s - 5 - 11 = 0. Suppose -4*r - 440 = -s*l, 5*l + r = -2*r + 590. Suppose 7*i = 6*i + l. Is i prime?
False
Let t = -16505 - -28832. Suppose 8*z - 11*z + t = 0. Is z a composite number?
True
Suppose 189 + 49 = 2*c. Suppose 3*p = -g - 81, -3*g - 203 = -p + 40. Let f = g + c. Is f a prime number?
False
Is 43662 - (0/(-12) + -7) a prime number?
True
Let r(b) = -73*b**2 - 6*b + 8. Let k(d) = 145*d**2 + 12*d - 16. Let x(h) = 4*k(h) + 7*r(h). Is x(3) a composite number?
False
Let g(h) = -880*h**3 + 4*h**2 - 6*h - 1. Let p be g(3). Let w = 35876 + p. Is w a prime number?
False
Let g be (21179 - 56/(-8))/1. Is (-18)/33 + g/242 composite?
True
Let x be (39/(-6))/(27/(-162)). Suppose 29198 = x*z - 13*z. Is z a prime number?
True
Let n(u) = -23*u + 12. Suppose 5*k = k + 3*v + 9, 5*v - 20 = -5*k. Suppose 20 = -k*r - r. Is n(r) composite?
False
Let r = 843884 + -544231. Is r a prime number?
True
Suppose 5*y = 4*w - 1362125, 5*w - 1702649 = 3*y - 4*y. Suppose -30*q + w = -0*q. Is q a composite number?
False
Let c be 10212 + (-4 - -2)*1. Suppose -4*y - 3*n = -c - 132, 0 = -3*y - 5*n + 7751. Is y a composite number?
True
Let l be 10*(-6 - 111/(-6)). Is l/75 + 108426/9 a prime number?
True
Suppose -4*h - 5*a = -191572, -84*h + 85*h + a = 47895. Is h a prime number?
True
Let r(y) = y + 1. Let w(v) = 2*v - 8. Let g(m) = 6*r(m) + w(m). Let n be g(14). Suppose 0 = -s + 6*s + 3*a - 188, 3*s - n = a. Is s a composite number?
False
Suppose 4*c + 2542475 = 5*k, -3*c - 675988 - 340995 = -2*k. Is k a prime number?
True
Let q(p) = -8182*p - 21. Is q(-1) a prime number?
True
Suppose -5*h + 13340 = -0*h. Suppose 30*k - 44482 = 105548. Let g = k - h. Is g composite?
False
Let c = -8745 - -12848. Suppose 3*i = -0*i - 3*p + 4095, 3*i + 5*p - c = 0. Is i a prime number?
True
Suppose -14352 - 8873 = -5*l. Is l a composite number?
True
Suppose 70860 + 2573919 = 5*n - 7*o, 2*o = 3*n - 1586885. Is n a prime number?
True
Suppose 3*i = -3*j + 2 + 1, j - 21 = -5*i. Suppose t - 3256 = -2*l, 0*t = -4*t - i*l + 13030. Suppose t = 8*v + 492. Is v prime?
False
Suppose 119939 = -11*r + 14*r - 5*l, 5*r + l = 199861. Is r a prime number?
False
Suppose -3*c = -4 + 16. Let q be ((-6)/c)/(19/38). Suppose n + 4 = 5*n, 3*b - 666 = q*n. Is b prime?
True
Suppose -x + 6662 = m, -13325 = 2*m - 4*m - x. Is m a composite number?
True
Let l(w) = 1001533*w**3 - 10*w**2 + 13*w - 5. Is l(1) composite?
False
Let j = -87271 - -128704. Suppose -17*s = -24*s + j. Suppose 3*w + 2*t - s = -0*t, -3*t + 1973 = w. Is w a prime number?
True
Let m(h) = 606*h**2 - 84*h - 19. Is m(22) a composite number?
False
Is ((-45)/(-30) + -1)/(2/26948) a prime number?
True
Suppose -z + n + 7099 = -234, 2*z - 5*n - 14669 = 0. Let q = 5017 + z. Is q prime?
False
Let m = 184974 - 105025. Is m composite?
True
Is (-23)/(-10 + (-3321)/(-333)) prime?
False
Suppose 4*z = 50*n - 53*n + 34304, -2*z - 4*n + 17142 = 0. Is z prime?
False
Suppose 4*r - 56 = 4*d, 4*d - 26 = -2*r + 